{"id":245,"date":"2011-05-21T17:08:32","date_gmt":"2011-05-21T17:08:32","guid":{"rendered":"http:\/\/seidenbuch-odw.de\/blog\/?page_id=245"},"modified":"2012-04-07T19:56:26","modified_gmt":"2012-04-07T19:56:26","slug":"glashutte","status":"publish","type":"page","link":"http:\/\/seidenbuch-odw.de\/?page_id=245","title":{"rendered":"Glash\u00fctte"},"content":{"rendered":"<p><a href=\"http:\/\/seidenbuch-odw.de\/wp-content\/uploads\/2011\/05\/glashuette_2.jpg\" rel=\"lightbox[245]\"><img loading=\"lazy\" decoding=\"async\" class=\"alignleft\" title=\"Die Glash\u00fctte\" src=\"http:\/\/seidenbuch-odw.de\/wp-content\/uploads\/2011\/05\/glashuette_2-150x150.jpg\" alt=\"\" width=\"150\" height=\"150\" \/><\/a>Auf  der Fl\u00e4che von knapp 3 (alten) Morgen Land  bildete die Glash\u00fctte den  Kern von Seidenbuch. In diesem standen neben  den verschiedenen Geb\u00e4uden  der Glash\u00fctte au\u00dferdem noch kleine  Wohngeb\u00e4ude sowie ein Wirtshaus.<\/p>\n<p style=\"text-align: left;\">Glash\u00fctten wurden immer dort  errichtet, wo viel undbilliges Holz  zur Verf\u00fcgung stand, das wegen der  Abgelegenheit weder mit der Achse noch mit dem Wasser (Fl\u00f6\u00dferei)  abtransportiert werden konnte. Die Glash\u00fctten haben gewaltige Holzmengen  verschlungen.<\/p>\n<p><a href=\"http:\/\/seidenbuch-odw.de\/wp-content\/uploads\/2011\/05\/JD5000121.jpg\" rel=\"lightbox[245]\"><img loading=\"lazy\" decoding=\"async\" class=\"alignleft size-thumbnail wp-image-170\" title=\"Die Glash\u00fctte (Plakette)\" src=\"http:\/\/seidenbuch-odw.de\/wp-content\/uploads\/2011\/05\/JD5000121-150x150.jpg\" alt=\"\" width=\"150\" height=\"150\" \/><\/a>Die Seidenbucher Glash\u00fctte, eigentlich auf 30  Jahre berechnet, hat  so gut floriert, dass schon in 18 Jahren der  gesamte Wald vernichtet  und verfeuert war.<\/p>\n<p>Das H\u00fcttengeb\u00e4ude war  wohl ein d\u00fcrftiger, einst\u00f6ckiger Bau mit einem hohen Dach. <a href=\"http:\/\/seidenbuch-odw.de\/wp-content\/uploads\/2011\/05\/glasofen.jpg\" rel=\"lightbox[245]\"><img loading=\"lazy\" decoding=\"async\" class=\"alignright\" title=\"Ein alter Glasofen\" src=\"http:\/\/seidenbuch-odw.de\/wp-content\/uploads\/2011\/05\/glasofen-150x150.jpg\" alt=\"\" width=\"150\" height=\"150\" \/><\/a>Direkt  \u00fcber  den Schmelz\u00f6fen d\u00fcrfte sich wegen der Feuergefahr kein Holz  befinden.  Das Geb\u00e4ude hatte eine Grundfl\u00e4che von etwa 250qm. In ihm  befanden sich  vermutlich 2 Schmelz\u00f6fen. Sie waren aus Sandsteinen und  feuerfesten  Platten gebaut, trugen ein Gew\u00f6lbe, waren im Querschnitt  rund, etwa 2,40  m hoch und hatten einen Innendurchmesser von 1,25 m.  Das Feuerungsloch  war 60 cm bereit, 30 cm hoch und 70 cm tief.<\/p>\n<p><a href=\"http:\/\/seidenbuch-odw.de\/wp-content\/uploads\/2011\/05\/seidenbuch_glas2_1784.jpg\" rel=\"lightbox[245]\"><img loading=\"lazy\" decoding=\"async\" class=\"alignleft\" title=\"Seidenbucher Glas (1784)\" src=\"http:\/\/seidenbuch-odw.de\/wp-content\/uploads\/2011\/05\/seidenbuch_glas2_1784-150x150.jpg\" alt=\"\" width=\"150\" height=\"150\" \/><\/a>Innen   waren B\u00e4nke aufgemauert, auf denen die H\u00e4fen (Inhalt je 200 Pfund   Glasmasse)\u00a0mit der zu schmelzenden Materie standen. Die Schmelzh\u00e4fen   waren aus besonders gutem, feuerfestem Ton. Gew\u00f6hnlich bildeten vier Glasmacher eine Partie pro Ofen. Um beim   Glasblasen an den fl\u00fcssigen Brei gelangen zu k\u00f6nnen, hatte jeder   Arbeitsplatz in Brusth\u00f6he eine \u00d6ffnung in der Wand des Ofens. Durch   diese wurde der Hafen beim st\u00e4ndigen Neuaufbau der \u00d6fen gef\u00fcllt. Mit   ihren Blasrohren entnahmen die Glasbl\u00e4ser aus den Fenstern die fl\u00fcssige   Masse.<a href=\"http:\/\/seidenbuch-odw.de\/wp-content\/uploads\/2011\/05\/seidenbuch_glas1_1791.jpg\" rel=\"lightbox[245]\"><img loading=\"lazy\" decoding=\"async\" class=\"alignright\" title=\"Seidenbucher Glas (1791)\" src=\"http:\/\/seidenbuch-odw.de\/wp-content\/uploads\/2011\/05\/seidenbuch_glas1_1791-150x150.jpg\" alt=\"\" width=\"150\" height=\"150\" \/><\/a><\/p>\n<p>Neben gr\u00fcnem wurde auch wei\u00dfes Glas in Seidenbuch  produziert. Mit  Stolz wird vermerkt, dass es sich mit dem Konkurrenzglas  aus dem  Schwarzwald durchaus messen konnte.<\/p>\n<p>Heute erinnert ein kleines Holzh\u00e4uschen mit einem Glasofen an die damalige Anlage.<\/p>\n<p>&nbsp;<\/p>\n","protected":false},"excerpt":{"rendered":"<p>Auf der Fl\u00e4che von knapp 3 (alten) Morgen Land bildete die Glash\u00fctte den Kern von Seidenbuch. In diesem standen neben den verschiedenen Geb\u00e4uden der Glash\u00fctte au\u00dferdem noch kleine Wohngeb\u00e4ude sowie ein Wirtshaus. Glash\u00fctten wurden immer dort errichtet, wo viel undbilliges &hellip; <a href=\"http:\/\/seidenbuch-odw.de\/?page_id=245\">Weiterlesen <span class=\"meta-nav\">&rarr;<\/span><\/a><\/p>\n","protected":false},"author":1,"featured_media":0,"parent":27,"menu_order":0,"comment_status":"open","ping_status":"open","template":"","meta":{"footnotes":""},"class_list":["post-245","page","type-page","status-publish","hentry"],"_links":{"self":[{"href":"http:\/\/seidenbuch-odw.de\/index.php?rest_route=\/wp\/v2\/pages\/245","targetHints":{"allow":["GET"]}}],"collection":[{"href":"http:\/\/seidenbuch-odw.de\/index.php?rest_route=\/wp\/v2\/pages"}],"about":[{"href":"http:\/\/seidenbuch-odw.de\/index.php?rest_route=\/wp\/v2\/types\/page"}],"author":[{"embeddable":true,"href":"http:\/\/seidenbuch-odw.de\/index.php?rest_route=\/wp\/v2\/users\/1"}],"replies":[{"embeddable":true,"href":"http:\/\/seidenbuch-odw.de\/index.php?rest_route=%2Fwp%2Fv2%2Fcomments&post=245"}],"version-history":[{"count":10,"href":"http:\/\/seidenbuch-odw.de\/index.php?rest_route=\/wp\/v2\/pages\/245\/revisions"}],"predecessor-version":[{"id":330,"href":"http:\/\/seidenbuch-odw.de\/index.php?rest_route=\/wp\/v2\/pages\/245\/revisions\/330"}],"up":[{"embeddable":true,"href":"http:\/\/seidenbuch-odw.de\/index.php?rest_route=\/wp\/v2\/pages\/27"}],"wp:attachment":[{"href":"http:\/\/seidenbuch-odw.de\/index.php?rest_route=%2Fwp%2Fv2%2Fmedia&parent=245"}],"curies":[{"name":"wp","href":"https:\/\/api.w.org\/{rel}","templated":true}]}}