{"id":238,"date":"2011-05-21T17:06:08","date_gmt":"2011-05-21T17:06:08","guid":{"rendered":"http:\/\/seidenbuch-odw.de\/blog\/?page_id=238"},"modified":"2011-05-31T20:10:21","modified_gmt":"2011-05-31T20:10:21","slug":"die-schule","status":"publish","type":"page","link":"https:\/\/seidenbuch-odw.de\/?page_id=238","title":{"rendered":"Schule"},"content":{"rendered":"<p><a href=\"http:\/\/seidenbuch-odw.de\/wp-content\/uploads\/2011\/05\/schule_11.jpg\" rel=\"lightbox[238]\"><img loading=\"lazy\" decoding=\"async\" class=\"alignleft\" title=\"Seidenbucher Schule (2)\" src=\"http:\/\/seidenbuch-odw.de\/wp-content\/uploads\/2011\/05\/schule_11-150x150.jpg\" alt=\"\" width=\"150\" height=\"150\" \/><\/a>Im  Jahre 1800 trat der erste Lehrer Franz  G\u00f6ttmann, ein Schuster, seinen  Dienst an, um die Seidenbucher Kinder zu  unterrichten. Da damals noch  keine Schule vorhanden war, fand der  Unterricht f\u00fcr die meist  katholischen Kinder in privaten \u201eSchullokalen\u201c,  die der Lehrer neben  der Heizung selbst stellen musste, statt.  Evangelische Kinder mussten  in Glattbach zur Schule gehen.<\/p>\n<p>Trotz  Gehalt, Schulzusch\u00fcssen der Gemeinde Seidenbuch und dem  gro\u00dfherzoglichen  Schulverbesserungsfond sowie dem Schulstubenzins  (Schulgeld), das jedes  Kind zahlen musste, wechselten die Lehrer und  Schullokale in Seidenbuch  sehr h\u00e4ufig.<a href=\"http:\/\/seidenbuch-odw.de\/wp-content\/uploads\/2011\/05\/schulklasse1.jpg\" rel=\"lightbox[238]\"><img loading=\"lazy\" decoding=\"async\" class=\"alignright\" title=\"Seidenbucher Schulklasse\" src=\"http:\/\/seidenbuch-odw.de\/wp-content\/uploads\/2011\/05\/schulklasse1-150x150.jpg\" alt=\"\" width=\"150\" height=\"150\" \/><\/a><\/p>\n<p>Am 29. April 1875 wurde per Erlass aus Darmstadt  beschlossen, die  katholische Schule in Seidenbuch aufzuheben und  stattdessen eine  gemeinsame Schule zu errichten.<\/p>\n<p>Um dem st\u00e4ndigen  Lehrerwechsel ein Ende zu bereiten und auch  verheirateten Lehrern die  M\u00f6glichkeit zu geben, l\u00e4ngere Zeit in  Seidenbuch zu  wohnen und zu wirken, blieb der armen Gemeinde keine  Wahl, sie musste  Geld aufnehmen und ein modernes Schulhaus bauen. Im  M\u00e4rz 1889 waren die  Angebote eingegangen, den Zuschlag erhielten  ans\u00e4ssige Handwerker.<\/p>\n<p><a href=\"http:\/\/seidenbuch-odw.de\/wp-content\/uploads\/2011\/05\/schule_21.jpg\" rel=\"lightbox[238]\"><img loading=\"lazy\" decoding=\"async\" class=\"alignleft\" title=\"Seidenbucher Schule (1)\" src=\"http:\/\/seidenbuch-odw.de\/wp-content\/uploads\/2011\/05\/schule_21-150x150.jpg\" alt=\"\" width=\"150\" height=\"150\" \/><\/a>Das   stattliche Geb\u00e4ude hat 80 Jahre seinem Zweck gedient. Das anfangs   flachere Dach wurde sp\u00e4ter durch das heutige ersetzt. Die Gemeinde hat   noch nach dem Ersten Weltkrieg an den Schulden abgetragen, die ihr durch   diesen Neubau verursacht wurden. Sie hat kein Opfer gescheut, um die   Schulverh\u00e4ltnisse nachhaltig zu verbessern<\/p>\n<p>Heute k\u00f6nnen Kinder  aus Seidenbuch die Grundschule in Lindenfels  oder in Gadernheim  besuchen. Das Seidenbucher Schulhaus beherbergt  heute eine kleine  Bibliothek und ein kleines Museum, das die Geschichte  von Seidenbuch  erz\u00e4hlt.<\/p>\n","protected":false},"excerpt":{"rendered":"<p>Im Jahre 1800 trat der erste Lehrer Franz G\u00f6ttmann, ein Schuster, seinen Dienst an, um die Seidenbucher Kinder zu unterrichten. Da damals noch keine Schule vorhanden war, fand der Unterricht f\u00fcr die meist katholischen Kinder in privaten \u201eSchullokalen\u201c, die der &hellip; <a href=\"https:\/\/seidenbuch-odw.de\/?page_id=238\">Weiterlesen <span class=\"meta-nav\">&rarr;<\/span><\/a><\/p>\n","protected":false},"author":1,"featured_media":0,"parent":27,"menu_order":0,"comment_status":"open","ping_status":"open","template":"","meta":{"footnotes":""},"class_list":["post-238","page","type-page","status-publish","hentry"],"_links":{"self":[{"href":"https:\/\/seidenbuch-odw.de\/index.php?rest_route=\/wp\/v2\/pages\/238","targetHints":{"allow":["GET"]}}],"collection":[{"href":"https:\/\/seidenbuch-odw.de\/index.php?rest_route=\/wp\/v2\/pages"}],"about":[{"href":"https:\/\/seidenbuch-odw.de\/index.php?rest_route=\/wp\/v2\/types\/page"}],"author":[{"embeddable":true,"href":"https:\/\/seidenbuch-odw.de\/index.php?rest_route=\/wp\/v2\/users\/1"}],"replies":[{"embeddable":true,"href":"https:\/\/seidenbuch-odw.de\/index.php?rest_route=%2Fwp%2Fv2%2Fcomments&post=238"}],"version-history":[{"count":4,"href":"https:\/\/seidenbuch-odw.de\/index.php?rest_route=\/wp\/v2\/pages\/238\/revisions"}],"predecessor-version":[{"id":544,"href":"https:\/\/seidenbuch-odw.de\/index.php?rest_route=\/wp\/v2\/pages\/238\/revisions\/544"}],"up":[{"embeddable":true,"href":"https:\/\/seidenbuch-odw.de\/index.php?rest_route=\/wp\/v2\/pages\/27"}],"wp:attachment":[{"href":"https:\/\/seidenbuch-odw.de\/index.php?rest_route=%2Fwp%2Fv2%2Fmedia&parent=238"}],"curies":[{"name":"wp","href":"https:\/\/api.w.org\/{rel}","templated":true}]}}